 + 156. Suppose -w = -d - 213. What is the hundreds digit of w?
3
Suppose 863 = 5*p + 4*o + 61, -3*p + 2*o = -490. Let j = p + -143. What is the units digit of j?
9
Let a = -923 + 7388. What is the tens digit of a?
6
Let y = 43778 - 30955. What is the units digit of y?
3
Let t(i) = -3*i**3 + 6 + 4 - 111*i + 112*i. Let l(y) = 2*y**3 - y - 5. Let u(p) = 7*l(p) + 4*t(p). What is the units digit of u(2)?
5
Let q(t) = -21*t + 547. Let y be (-2)/(-2) + (8 + 0)/(-8). What is the units digit of q(y)?
7
What is the units digit of 2361/2*(-3)/(216/(-1104))?
1
Let k(t) = 22*t - 33. Suppose 3*m + 9 = 0, -5*n + 3*m + 6 = -38. Suppose 54 = 16*w - n*w. What is the units digit of k(w)?
9
What is the units digit of (-11755)/(((-95)/(-3))/(-19))?
3
Let m(i) = -284*i - 1. Let u(j) = -j**2 - 3*j + 2. Let v be u(-4). Let r be m(v). Let g = r + -320. What is the units digit of g?
7
Suppose -7*n = -4*n + 702. Let l = n - -475. What is the units digit of l?
1
Let n(q) = 108*q + 151 + 105*q - 211*q. What is the tens digit of n(-39)?
7
Let x(z) = -17*z - 30. Let q be (-75)/(-18) - 6/36. Let o(i) = i - 10. Let c be o(q). What is the tens digit of x(c)?
7
Let j(a) = 5*a - 11. Let b(q) = -2*q - 1. Let r(m) = -3*b(m) + j(m). Suppose -3*w + 0*w = -9. What is the units digit of r(w)?
5
Suppose 36436*f = 36429*f + 57827. What is the thousands digit of f?
8
Suppose -p = 2*h + 398, -4*p + 1562 = -8*p - 2*h. Let t = p - -534. What is the tens digit of t?
4
Let d be (-1)/2*2/3*-1029. Let c = -861 + d. Let l = -291 - c. What is the units digit of l?
7
Let m = 9 - 44. Let k = m - -172. Let p = 348 - k. What is the tens digit of p?
1
Let d(a) = 21*a**2 + 255 + 253 - 512 - a**3 - 58*a. What is the tens digit of d(8)?
6
Let g = -97 - -103. Suppose 0 = -10*h + g*h + 28. Suppose 169 = h*x + 6*x. What is the tens digit of x?
1
Let s(t) = 1899*t**2 - 18*t - 35. What is the hundreds digit of s(-2)?
5
Suppose 4*p = 62697 + 14795. What is the tens digit of p?
7
What is the hundreds digit of -3*2*((-204)/(-18) - 10) + 29149?
1
Suppose 12*q + 16*q - 157584 = 0. Suppose q = 19*n - 3549. What is the hundreds digit of n?
4
Suppose 31*r + 198 = 25*r. Let v(m) = m**3 + 35*m**2 + 32*m + 206. What is the thousands digit of v(r)?
1
Suppose -2*f - 12 = -3*d - 6, -3*d - f - 3 = 0. Suppose d = -25*v + 24*v + 38. What is the units digit of v?
8
Let o = 158 - 66. Let m = 155 - o. Suppose 4*c + m = 463. What is the tens digit of c?
0
Suppose -12490 = -5*s + 3*t, -5*t + 7523 = 3*s - t. Suppose 4*q + 16 = 0, -1011 = 3*v + 4*q - s. What is the tens digit of v?
0
Suppose 24*y - 6828 - 15828 = 0. What is the hundreds digit of y?
9
Let k(v) = v + 15. Let c be k(6). Let x = -16 + c. Suppose x*a + f = 32, -5*f = 4*a - 12 - 22. What is the units digit of a?
6
Suppose 4*y = -2*h + 6*h + 6216, -5*y - 4*h + 7806 = 0. Suppose -y - 5327 = -9*s. What is the units digit of s?
5
Let u(h) = 4*h**3 - 3*h**2 - 4*h + 6. Let v be u(4). Suppose -115 - 521 = 6*x. Let q = v + x. What is the tens digit of q?
9
What is the hundreds digit of (-1)/(5/2318*(-17)/255)?
9
Suppose 5*w + 2200 = 4*r - 23050, -r + 5*w + 6305 = 0. What is the units digit of r?
5
Let y(g) = g**2 + 9*g + 22. Let u be y(-3). Suppose 5*s - 2*v - 3041 = 0, -5*v - u = 11. What is the hundreds digit of s?
6
Let k(h) = 118*h**2 - 9*h + 6. Let u be k(3). Suppose -4*j + v = u, 5*j + 1043 = j + 3*v. Let l = -86 - j. What is the tens digit of l?
7
Suppose -5*f + 8*f = -72. What is the units digit of (-4)/f + (-2381)/(-6) - 4?
3
Suppose 95*f = -61*f + 1298856. What is the units digit of f?
6
What is the ten thousands digit of ((-13101564)/(-3990))/(0 + 2/10)?
1
Let h(x) = -2 + 66*x + 75*x - 137*x. Let m = 104 - 94. What is the units digit of h(m)?
8
What is the thousands digit of 1/(-4) + (-375)/(-4)*143?
3
Let d(a) = -a**3 + 23*a**2 + 25*a + 18. Let q be d(20). Suppose -2*t = -q - 392. What is the tens digit of t?
5
Let b(i) = 5111*i**2 + 273*i - 836. What is the ten thousands digit of b(3)?
4
Let q(s) = 28*s**2 + 2*s - 10. Let m(k) = -21*k**2 - 1 + 10*k**2 + 12*k**2. Let l(f) = -8*m(f) + q(f). What is the units digit of l(2)?
2
Suppose 0 = -12*n + 8*n - 4. Let m be (-516)/(-18)*-3*(-3 - n). What is the tens digit of (m/6)/(85/15 - 5)?
4
Let c(z) = 9*z**3 - 3*z - 6*z**2 + 9 + z**3 - 9*z**3. Let f be c(6). Let j = f + 19. What is the units digit of j?
0
Let j = 1103 - 398. Suppose -6111 = -16*g + j. What is the units digit of g?
6
Let h = 106976 - 65197. What is the tens digit of h?
7
Let n(h) = 418*h - 1. Let d(r) = 418*r - 2. Let j(l) = 3*d(l) - 4*n(l). Let x be j(-1). Suppose -x = 35*u - 39*u. What is the hundreds digit of u?
1
Let v = -308 + 314. Suppose 0 = v*z + 19*z - 525. What is the tens digit of z?
2
Let h = -353 + 241. Let d = 148 + h. What is the tens digit of d?
3
Suppose -19*v - 2142 = -20*v. Suppose 36*z - 43*z = -v. What is the units digit of z?
6
Suppose 5*k + 52 = -4*h, -10*k - 44 = 4*h - 7*k. What is the hundreds digit of 0/2 + (-4 - (-1726 + h))?
7
Suppose -2*t = -200 - 54. What is the tens digit of (7 - 1) + t - 3?
3
Let m be 12 + 16/4 + (-16)/2. Suppose -m*j = -1039 - 3785. What is the units digit of j?
3
Let d be 88/(-12) - ((-60)/9)/5. Let g(x) = 13*x**2 - 14*x + 15. What is the tens digit of g(d)?
6
Suppose -138*a + 351177 = -77*a. What is the thousands digit of a?
5
Let t = -47 - -151. Let g = t + -241. Let b = 187 + g. What is the units digit of b?
0
Let z(q) = q - 4. Let k be z(7). Suppose -4*w + 6*l + 176 = 8*l, -l + 134 = 3*w. Suppose i + 48 = 4*i - 5*y, -5*i + w = k*y. What is the tens digit of i?
1
Let b(h) = 18*h**3 + 16*h**2 - 51*h + 348. What is the thousands digit of b(10)?
9
What is the tens digit of 2/55 + (-14656707)/(-2145)?
3
Let y(s) = -357*s**3 - 13*s**2 + 7*s + 3. Let v(z) = 119*z**3 + 4*z**2 - 2*z - 1. Let q(n) = -7*v(n) - 2*y(n). What is the hundreds digit of q(-1)?
1
Suppose 3*h - 546 = -5*c, -c + h + 129 = 23. Suppose -63*k = -68*k - 4*t - 118, 5*t = -3*k - 76. Let r = c + k. What is the units digit of r?
6
Let u(c) = -51*c**3 - 16*c**2 + 4*c - 2. What is the tens digit of u(-3)?
1
Let d(v) = -v**2 + 10*v + 19. Let p be d(10). Let a be p - ((-6)/(-4))/(5/10). What is the tens digit of ((-30)/8)/((-3)/a)?
2
Let u = 96 - 16. Suppose 21024 + 12896 = u*z. What is the tens digit of z?
2
Let o(t) = -t**2 + t + 40. Let x be o(-6). What is the thousands digit of 2*(-17492)/(-30) + x/15?
1
Let b = 12230 + -6643. What is the units digit of b?
7
Let a = -1776 - -3199. Suppose -5*h + a = -2*h + j, 953 = 2*h + 5*j. Suppose 5*x - h = -39. What is the units digit of x?
7
Suppose 3*k = q + 1669, 0 = 14*k - 9*k - 3*q - 2783. Let r = 837 - k. What is the hundreds digit of r?
2
Let x = -29257 - -44354. What is the ten thousands digit of x?
1
Let a be (-2)/(-4)*(9 + -1). Let l(o) = o**2 + 37*o + 192. Let y be l(-6). What is the units digit of y/a + (-316)/(-8)?
1
Suppose 0 = -169*i + 248*i - 2274726. What is the hundreds digit of i?
7
Suppose 42 - 12 = 6*c. Suppose -5*w + c*q + 3391 = 2*q, -2*w + 1364 = -5*q. What is the units digit of w?
7
Let b be 25218/(-6)*2*12/9. What is the hundreds digit of (b/42)/(14/(-49))?
9
Suppose -p - 70 = 9*p. Let m(u) = -3*u**3 + 4*u**2 + 40*u - 12. What is the hundreds digit of m(p)?
9
Suppose 0 = -r + d + 7405, 3*r + 9573 = -d + 31788. What is the thousands digit of r?
7
Let k(o) = o**3 + o**2 + 3*o + 269. Let g be k(0). Let a = 567 - g. What is the units digit of a?
8
Let i = -414 - -78. What is the units digit of (-1 + 5)/((-32)/i)?
2
Suppose -3*t + 29 = 23. Suppose 802 = 2*o - t*w, 5*o = 3*w + 1081 + 932. Suppose 99 = j + 5*k - 0*k, 5*j - 5*k - o = 0. What is the tens digit of j?
8
Let k(u) be the second derivative of 19*u**3/3 - 62*u**2 - 4*u + 4. What is the hundreds digit of k(11)?
2
Let a(r) = -10*r + r + 5*r**3 + 2477 - 3*r**2 - 2460. What is the hundreds digit of a(4)?
2
Let n(c) = 7*c**3 - 38*c**2 + 17*c - 46. What is the units digit of n(11)?
0
Let o = -26724 + 45872. What is the tens digit of o?
4
Let q = -172 + 178. Suppose -20 = -5*i, q*i - 939 = -j + 8*i. What is the tens digit of j?
4
Suppose 0 = -3*x - 5*m + 1, -3*m - 9 = 2*x - 10. Suppose -2*p + 2336 - 608 = -5*j, 0 = 5*p + x*j - 4378. What is the units digit of p?
4
Let k(p) = 82 - 67*p + 78 + 88 - 247. Let y(r) = -r - 4. Let w be y(-3). 